 14*u + 4*u**2 - 3*u**2 - 473. Calculate j(10).
28
Suppose -25*r + 28*r - 5*k - 79 = 0, 5*k = -25. Let l(t) = -2*t**2 + 31*t + 17. Determine l(r).
-73
Let i(t) = -3*t**2 + 11*t + 5. Let c(v) = -v**2 - 2*v + 1. Let y(o) = -3*c(o) - i(o). Let p(f) = -5*f**2 + 5*f + 7. Let m(s) = -5*p(s) - 4*y(s). Give m(4).
-7
Let z = -57 + 60. Let o(u) = 0*u**2 - 4*u**2 - 182*u - 6 + 188*u + z*u**2. What is o(4)?
2
Let w(j) = -2*j**3 - j**2 - 6*j - 17. Let c(a) = a**2 + a + 3. Let h(z) = -5*c(z) - w(z). Let l = 3 + -8. Let i be (l + 4)/(2/(-4)). Determine h(i).
4
Let d(v) be the second derivative of v**5/24 + v**4/24 + 31*v**3/3 + 79*v. Let p(g) be the second derivative of d(g). Give p(2).
11
Let w(i) = -i + 25. Let l be w(11). Let h = l + -5. Suppose h - 15 = -2*u. Let g(j) = j**2 + 4*j. Calculate g(u).
21
Let t(j) = -2*j**2 + 26*j - 23. Let s be t(1). Let z(f) be the second derivative of -1/6*f**3 + 0 + 2*f + 1/2*f**2. Calculate z(s).
0
Let y(v) be the second derivative of v**5/20 - 13*v**4/6 - 9*v**3 - 57*v**2/2 + 2*v + 42. Determine y(28).
-1
Let p(u) = 47*u + 280. Suppose 2*r + 13*v - 79 = -0*v, -3*r - v - 11 = 0. Calculate p(r).
-2
Let u(x) = 4*x - 9. Let h(g) = 12*g - 26. Let b(s) = -6*h(s) + 17*u(s). Let y = 19593 - 19591. What is b(y)?
-5
Suppose 0 = 3*n - 2*x + 8 - 10, n = 3*x - 11. Let l(k) = -301*k**2 + 302*k**2 - 6 + 0*k + n*k. Determine l(-6).
6
Suppose -2*t = 2*t - 32. Let y(m) be the second derivative of -m**4/6 + 7*m**3/3 + 7*m**2 - 38504*m. Calculate y(t).
-2
Suppose -300*l - 180 = -282*l. Let u(m) = -m**3 - 9*m**2 + 12*m + 19. Calculate u(l).
-1
Let n be ((-195)/(-546))/((-4)/(-28)). Let b(g) be the second derivative of 6*g + 1/6*g**3 + 0 - n*g**2. What is b(6)?
1
Let t(j) = 2*j**2 + 17*j - 33. Let g be ((-80)/36)/(154/693). What is t(g)?
-3
Let h(z) be the first derivative of 3/2*z**2 - 7/24*z**4 + 3/2*z**3 - 1/60*z**5 + 0*z + 26. Let s(t) be the second derivative of h(t). Determine s(-7).
9
Let g(v) be the first derivative of -7*v**4/4 + 7*v**3/3 - 5*v**2/2 - v - 77. Let l(j) = 10*j**3 - 10*j**2 + 6*j + 1. Let k(y) = 7*g(y) + 5*l(y). What is k(-3)?
-23
Let c(s) = 42*s**3 - 5*s**2 - 20*s + 321. Let f(d) = -8*d**3 + d**2 + 4*d - 61. Let w(h) = 3*c(h) + 16*f(h). Determine w(0).
-13
Let k be (6 + (-315)/25)*-5. Suppose -9*v - k = 39. Let z(w) be the second derivative of w**3/6 + 5*w**2/2 - 10*w. Calculate z(v).
-3
Let l = 55 + -53. Suppose 2*k - 5*p = -k + 311, 3*p = -l*k + 220. Let m(a) = -k*a + 109*a - 3 - 4. Determine m(6).
5
Let a(o) = -o**3 + 9*o**2 + 8*o + 22. Suppose 430 = -58*f + 101*f. Calculate a(f).
2
Let k(u) = 4*u**2 + 4*u + 3. Let b(s) = -9*s**2 - 7*s - 6. Let y(p) = -3*b(p) - 7*k(p). Let o(c) = c**2 + 8*c + 3. Let t(f) = -3*o(f) - 4*y(f). Give t(-2).
-1
Let s = -5 + 8. Let u(b) = -b + 1. Let a be u(-5). Let g(j) = -4 - 3*j + 0 + a. Give g(s).
-7
Let u(p) = -2*p - 2*p + 3*p**2 + 3 - 2*p**2. Let d be (3014/66)/(4/(-24)). Let y = d - -277. Determine u(y).
0
Let r(o) be the second derivative of -o**6/360 - o**5/15 + o**4/6 - o**3/3 - 43*o**2 - 263*o. Let q(n) be the second derivative of r(n). Calculate q(-8).
4
Let z(y) = 4*y**2 - 5*y + 6. Let k = -72 - -75. Determine z(k).
27
Let h(c) = c**3 - 9*c**2 + 10*c + 28. Let f = -20423 + 20429. Give h(f).
-20
Let q = -6405 - -6406. Let m(l) = 25*l**3 - l**2 + l - 1. Determine m(q).
24
Let f be 2/1 + (-63 - -65). Let j(d) = -3559 - 2*d**2 + d**2 + 3553 + f*d. Determine j(4).
-6
Let r(k) = -2*k**2 - 15*k - 9. Let p(m) = 2*m**2 + 10*m - 139. Let b be p(-11). Calculate r(b).
-2
Let u(v) be the first derivative of 0*v**3 + 1/4*v**4 + 0*v + 20 + 0*v**2. Suppose 4*n = 10 - 6. Give u(n).
1
Let a(n) be the second derivative of n**3/2 + 2*n**2 + n. Suppose -201 = -9*k + 24. Suppose 6*r - r + k = 0. Give a(r).
-11
Let b(l) = -24*l - 12. Let h be b(-1). Let c(g) be the first derivative of -g**3/3 + 13*g**2/2 - 4*g - 372. Give c(h).
8
Let i(w) = w**3 - 13*w**2 - 3. Let b be ((-13)/(-3))/(138/414). Give i(b).
-3
Let h(k) be the first derivative of 100*k**2 - 193*k**2 - 34 + 94*k**2 + 6. Calculate h(-3).
-6
Let k(l) = l**3 + 11*l**2 + 24*l - 10. Let n be k(-8). Let m be 1 + n/5 + -4 - -8. Let g(a) = -a**2 + 5*a - 2. Give g(m).
4
Let l(s) = -7*s - 67. Let q(d) = -9*d - 83. Let n(a) = 4*l(a) - 3*q(a). What is n(-19)?
0
Let z(d) be the second derivative of d**5/20 + 5*d**4/12 + d**3/3 + 4*d**2 + 185*d + 1. What is z(-5)?
-2
Let d(m) = 2*m**3 - m**2 - 2. Let n(f) = -f**2 + 12*f + 19. Let v be n(10). Let i = v + -37. Determine d(i).
10
Suppose 15*f - 8 = 5*r + 19*f, 2*r + 17 = 3*f. Let q(s) = 2*s**2 - 8*s - 67. Let v be q(r). Let z(c) = 4*c**2 + 2*c + 4. Give z(v).
34
Let l = -3 - -5. Let w(f) = 1 + 0 + 9*f**2 - 10*f**l. Let s = 673 - 675. What is w(s)?
-3
Suppose 9*y - 8 = 5*y. Suppose -2 = -y*l + 4*l. Let m(d) = -7*d**2. Let n be m(l). Let z(h) = -h**2 - 7*h + 8. Calculate z(n).
8
Let b(w) = -30*w - 68. Let p(h) = -h. Let s(j) = -13. Let l(v) = 6*p(v) + s(v). Let z(k) = -3*b(k) + 16*l(k). Determine z(-3).
14
Let f(c) = -c**3 + 3*c**2 - c - 13. Let r = -17499 - -17499. What is f(r)?
-13
Let l(u) be the first derivative of -u**4/4 - 4*u**3 - 7*u**2/2 - u + 2782. Give l(-11).
-45
Let t(r) = r**2 - r - 4. Let h(a) = a**2 - 2*a - 9. Let y(p) = -2*h(p) + 5*t(p). Let f = -301 - -586. Let s = -283 + f. Give y(s).
8
Let x be ((-30)/(-40))/(3/(-2))*(-44)/(-11). Let g(y) = 3*y**3 + 2*y**2 + 6*y + 6. Calculate g(x).
-22
Let t(g) = -g + 1266*g**2 - 16 + 5*g - 1 - 1265*g**2. Calculate t(0).
-17
Let i(a) = -a + 16. Let l(r) = -r**2 - 5*r + 33. Suppose -3*k - v - 54 = 2*k, 26 = -3*k + v. Let c be l(k). Let q be (-7)/14 + c/(-2). Determine i(q).
8
Let j(t) be the third derivative of t**6/120 - t**5/12 - 5*t**4/12 + 4*t**3/3 + 69*t**2 - t. Suppose 5*b - 24 = b. Determine j(b).
-16
Let c(d) = 0*d**2 - 372*d + 1 - d**3 + 379*d + d**2 + 3*d**2. Suppose -10*x + 246 = 196. Give c(x).
11
Let d(q) be the second derivative of -q**5/12 + 22*q**3/3 + q**2/2 + 219*q. Let j(g) be the second derivative of d(g). Determine j(-1).
10
Let w(k) = -5*k**3 + 38*k**2 - 24*k - 40. Let i(o) = 2*o**3 - 20*o**2 + 2*o - 1. Let t(u) = 3*i(u) + w(u). Give t(23).
72
Let i(j) be the second derivative of -3*j - 1/4*j**4 + 22 - 3/2*j**2 - 3/20*j**5 - 1/2*j**3. Determine i(-2).
15
Suppose -28*d - 49*d = 187 + 44. Let k(s) = -s**3 - s**2 + 2*s - 2. Give k(d).
10
Let p(w) = -7*w - 163. Let f(d) = -11*d - 187. Let b(g) = -3*f(g) + 4*p(g). Give b(8).
-51
Suppose 3*p + 5*s - 2 = -13, -3*p + 3*s - 3 = 0. Let w(g) = -g**3 + 7*g + 3. What is w(p)?
-3
Let w(r) be the third derivative of -r**6/120 + r**5/60 - r**3/6 + 3*r**2. Let x = 6 + 7. Suppose x = 3*s + 10. What is w(s)?
-1
Let t(w) = -3*w + 1. Let r(x) = -36*x - 36. Let u(a) = r(a) - 8*t(a). Determine u(-4).
4
Suppose -3*t - 3*x - 225 = 0, 2*t + 4*x = -0*t - 156. Suppose 2*i - 2*z + 160 = 0, -4*z - 15 = -2*i - 171. Let j = i - t. Let p(l) = -l - 9. Determine p(j).
1
Let f be (-2)/25*25 + (-6)/1. Let s(o) = o**3 + 6*o**2 - 16*o + 14. Calculate s(f).
14
Let m(i) be the first derivative of i**6/90 + i**5/120 - i**4/12 - 5*i**3/3 - i**2 + 29. Let g(k) be the third derivative of m(k). What is g(-2)?
12
Let q(r) be the first derivative of 34 + 0*r + 0*r**2 - 1/120*r**5 + 1/6*r**4 + 14*r**3. Let i(t) be the third derivative of q(t). Determine i(6).
-2
Let h(g) = -2*g - 40. Let o be h(-16). Let k(a) = 4*a**2 + 4*a + 13. Let m(w) = -11*w**2 - 13*w - 37. Let i(s) = o*k(s) - 3*m(s). Determine i(-6).
1
Let b(v) = -14*v + 85. Let j(c) = 26*c - 155. Let f(d) = -11*b(d) - 6*j(d). Determine f(7).
-19
Suppose -9 = 2*h - 13. Let d be (-33)/22 - 18/(-4). Let k(w) = -w + 12*w**3 - 13*w**d + w. Determine k(h).
-8
Let p(a) = -6*a**3 - 2 + 0*a**3 - 21650*a + 21652*a + 4*a**2 - 2 + 2. Give p(-2).
58
Let d(q) be the first derivative of q**4/4 - 4*q**3/3 - 3*q**2/2 + 3*q - 9102. Let h(u) = -u**2 - 9*u - 3. Let p be h(-8). Give d(p).
13
Let c(y) = 80*y**2 + 2*y + 2 - 225*y**2 + 118*y**2 - y**3 + 60. Determine c(-27).
8
Suppose -5*l + 163 = -12. Let h = l + -37. Let z = -6 + h. Let w(y) = -y**2 - 7*y + 1. What is w(z)?
-7
Let p be (-6 + 5)/(9/(-18)). Let i(x) = -3198*x + 2*x**p - x**2 + 3196*x + 5 - 14. Determine i(-5).
26
Let v(l) be the first derivative of -18*l**2 + l + 1. Suppose 2*z - 3*w - 198 = -226, -4*z = w - 14. Determine v(